
What is the hundred thousands digit of 343274058?
2
What is the ten millions digit of 626354453?
2
What is the ten thousands digit of 7584712?
8
What is the hundreds digit of 54787382?
3
What is the hundred millions digit of 143078168?
1
What is the ten thousands digit of 14554693?
5
What is the tens digit of 1009123434?
3
What is the billions digit of 3875362992?
3
What is the ten thousands digit of 44884830?
8
What is the hundred thousands digit of 142552975?
5
What is the tens digit of 457820267?
6
What is the millions digit of 109967414?
9
What is the units digit of 956069651?
1
What is the millions digit of 60131145?
0
What is the hundreds digit of 271310706?
7
What is the hundred thousands digit of 602388314?
3
What is the hundred thousands digit of 1154649765?
6
What is the millions digit of 235128428?
5
What is the thousands digit of 1171730?
1
What is the ten millions digit of 23393194?
2
What is the ten millions digit of 148999007?
4
What is the billions digit of 1109554542?
1
What is the ten thousands digit of 786536820?
3
What is the hundreds digit of 1417994115?
1
What is the thousands digit of 866280765?
0
What is the hundred millions digit of 1936931785?
9
What is the hundred thousands digit of 35549824?
5
What is the hundreds digit of 112402983?
9
What is the tens digit of 500152217?
1
What is the millions digit of 350677004?
0
What is the hundred thousands digit of 980048746?
0
What is the units digit of 64139401?
1
What is the hundreds digit of 912867710?
7
What is the hundred thousands digit of 1959369138?
3
What is the ten millions digit of 99984549?
9
What is the units digit of 155088047?
7
What is the hundred millions digit of 421518626?
4
What is the hundred thousands digit of 294961585?
9
What is the thousands digit of 28090687?
0
What is the ten millions digit of 176382325?
7
What is the hundred thousands digit of 863788886?
7
What is the hundred millions digit of 3175117411?
1
What is the hundreds digit of 268619038?
0
What is the units digit of 81829315?
5
What is the hundred thousands digit of 3349583576?
5
What is the ten thousands digit of 4052341?
5
What is the ten thousands digit of 1011463042?
6
What is the units digit of 5758722223?
3
What is the ten millions digit of 2301464593?
0
What is the hundred millions digit of 139540238?
1
What is the ten thousands digit of 169510052?
1
What is the thousands digit of 229840327?
0
What is the ten millions digit of 189540111?
8
What is the hundred thousands digit of 430190275?
1
What is the tens digit of 11614324?
2
What is the hundred thousands digit of 23953871?
9
What is the ten millions digit of 62513722?
6
What is the billions digit of 1168878302?
1
What is the tens digit of 173567922?
2
What is the hundred millions digit of 116712426?
1
What is the units digit of 205928068?
8
What is the tens digit of 6359588?
8
What is the thousands digit of 892972436?
2
What is the hundreds digit of 503205113?
1
What is the hundred thousands digit of 4190703520?
7
What is the hundreds digit of 180853395?
3
What is the thousands digit of 18126438?
6
What is the hundreds digit of 159959993?
9
What is the tens digit of 123885258?
5
What is the thousands digit of 1255683?
5
What is the millions digit of 57793154?
7
What is the millions digit of 1797798781?
7
What is the units digit of 68937705?
5
What is the millions digit of 361133443?
1
What is the hundreds digit of 1156008620?
6
What is the ten millions digit of 103219466?
0
What is the tens digit of 11109653?
5
What is the tens digit of 325216257?
5
What is the tens digit of 24930721?
2
What is the units digit of 98792954?
4
What is the hundreds digit of 273771258?
2
What is the hundred thousands digit of 4501672806?
6
What is the hundreds digit of 209552611?
6
What is the ten thousands digit of 49334080?
3
What is the units digit of 627894352?
2
What is the thousands digit of 754630343?
0
What is the ten thousands digit of 61144196?
4
What is the millions digit of 135565532?
5
What is the hundreds digit of 218987107?
1
What is the tens digit of 572537670?
7
What is the hundred millions digit of 4144757915?
1
What is the ten millions digit of 6963039926?
6
What is the thousands digit of 238117311?
7
What is the billions digit of 2700704116?
2
What is the ten thousands digit of 88935635?
3
What is the ten millions digit of 27370103?
2
What is the tens digit of 838154517?
1
What is the units digit of 123936313?
3
What is the hundred thousands digit of 1350776810?
7
What is the units digit of 5325109804?
4
What is the hundreds digit of 80060337?
3
What is the thousands digit of 44531618?
1
What is the hundreds digit of 575998061?
0
What is the millions digit of 657199944?
7
What is the ten thousands digit of 177496127?
9
What is the ten millions digit of 35865802?
3
What is the ten millions digit of 851733468?
5
What is the thousands digit of 277888836?
8
What is the ten thousands digit of 9027867?
2
What is the tens digit of 11137660?
6
What is the ten thousands digit of 16348252?
4
What is the tens digit of 138783038?
3
What is the ten thousands digit of 81515207?
1
What is the hundreds digit of 57868118?
1
What is the hundred thousands digit of 48195442?
1
What is the ten thousands digit of 56236605?
3
What is the millions digit of 1942754904?
2
What is the hundred millions digit of 247717970?
2
What is the millions digit of 399064620?
9
What is the billions digit of 1957729176?
1
What is the ten thousands digit of 86682281?
8
What is the hundred millions digit of 187252682?
1
What is the billions digit of 2935889474?
2
What is the units digit of 51432333?
3
What is the units digit of 132785562?
2
What is the hundred thousands digit of 4013827?
0
What is the ten millions digit of 30395333?
3
What is the thousands digit of 36074319?
4
What is the ten thousands digit of 551654042?
5
What is the thousands digit of 325099172?
9
What is the hundred millions digit of 691956934?
6
What is the units digit of 510390159?
9
What is the millions digit of 512311387?
2
What is the tens digit of 227866229?
2
What is the hundreds digit of 333728883?
8
What is the units digit of 1533946581?
1
What is the hundred thousands digit of 20928096?
9
What is the millions digit of 1743706281?
3
What is the tens digit of 135699745?
4
What is the units digit of 63173802?
2
What is the thousands digit of 1343642958?
2
What is the millions digit of 4260173?
4
What is the billions digit of 1955312021?
1
What is the ten thousands digit of 142796538?
9
What is the billions digit of 1708236235?
1
What is the units digit of 823018213?
3
What is the thousands digit of 122031758?
1
What is the hundred thousands digit of 24758513?
7
What is the hundred millions digit of 136761356?
1
What is the millions digit of 104129347?
4
What is the units digit of 828688995?
5
What is the ten millions digit of 19561975?
1
What is the millions digit of 3357951669?
7
What is the ten millions digit of 295440413?
9
What is the hundreds digit of 86679106?
1
What is the units digit of 168555381?
1
What is the hundred thousands digit of 693895534?
8
What is the millions digit of 1207074211?
7
What is the units digit of 118673453?
3
What is the hundred thousands digit of 21482690?
4
What is the ten thousands digit of 907637079?
3
What is the ten millions digit of 908416328?
0
What is the hundreds digit of 697138323?
3
What is the ten thousands digit of 1966899?
6
What is the hundred thousands digit of 901557395?
5
What is the units digit of 274162291?
1
What is the hundreds digit of 166721163?
1
What is the ten millions digit of 85708573?
8
What is the tens digit of 7216576?
7
What is the hundred thousands digit of 2756928562?
9
What is the thousands digit of 6802374540?
4
What is the hundred millions digit of 5101968165?
1
What is the tens digit of 75176476?
7
What is the ten millions digit of 45673927?
4
What is the tens digit of 66153024?
2
What is the tens digit of 32545976?
7
What is the ten millions digit of 3253006300?
5
What is the ten thousands digit of 5300578037?
7
What is the hundreds digit of 828359133?
1
What is the hundreds digit of 848359160?
1
What is the hundred thousands digit of 6514025876?
0
What is the ten thousands digit of 26912519?
1
What is the tens digit